what is 17 - 1211?
-11b6
In base 7, what is -12114 - -142?
-11642
In base 8, what is 5 + -30560?
-30553
In base 13, what is 181 + -ac?
a2
In base 10, what is 137574 - -4?
137578
In base 3, what is -11 + -1121112111?
-1121112122
In base 13, what is 2a4 - 2c7?
-23
In base 10, what is -722 + -269?
-991
In base 10, what is 1 - -411647?
411648
In base 15, what is 4 + 8b0bc?
8b0c1
In base 9, what is 14 + -3688?
-3674
In base 8, what is -1210 - 1261?
-2471
In base 4, what is 3320 - 1013?
2301
In base 2, what is 11111000110011111 - 10?
11111000110011101
In base 4, what is 103120 - -302110?
1011230
In base 7, what is 223 + 604?
1130
In base 12, what is -a77a + 1?
-a779
In base 2, what is 10110100011 - -11111111?
11010100010
In base 12, what is 9a1 - -40?
a21
In base 3, what is 10012100002 + -120?
10012022112
In base 9, what is -5 - -21885?
21880
In base 11, what is 9 + -5a1655?
-5a1647
In base 13, what is -410 + 4?
-409
In base 12, what is 3 - -68a82?
68a85
In base 9, what is -364 - -5543?
5168
In base 14, what is 1 - 5291?
-5290
In base 16, what is 62 - -1bc?
21e
In base 11, what is 1345972 + 0?
1345972
In base 11, what is -3 + -4672?
-4675
In base 8, what is 641 + -200?
441
In base 6, what is -2 + 323352?
323350
In base 16, what is -2c87 - 10?
-2c97
In base 10, what is 511549 + -2?
511547
In base 3, what is -200000100211 + 12?
-200000100122
In base 2, what is -110110110011111 + 11?
-110110110011100
In base 8, what is 2 - 30277?
-30275
In base 13, what is 13b - -699?
807
In base 9, what is 36340 - 2?
36337
In base 15, what is 955 - -7?
95c
In base 5, what is -300 - 103011?
-103311
In base 3, what is -12222 + 1000020?
210021
In base 8, what is -2052501 + -6?
-2052507
In base 14, what is 1b5d2 + 2?
1b5d4
In base 6, what is -10101 - 324?
-10425
In base 8, what is -205 - 5430?
-5635
In base 3, what is 1021 + -201011?
-122220
In base 4, what is 102332210 + -2?
102332202
In base 16, what is -8371 + 5?
-836c
In base 2, what is -1011000001 - -1000?
-1010111001
In base 14, what is 23 + -4283?
-4260
In base 16, what is 1 - -cce4e?
cce4f
In base 10, what is -16 + 1302?
1286
In base 12, what is 97b9a - -2?
97ba0
In base 16, what is -5 - -269a?
2695
In base 3, what is -2022112 - 1110?
-2100222
In base 9, what is 7871 - 6?
7864
In base 4, what is -212320 + -132?
-213112
In base 5, what is -213032 + 2413?
-210114
In base 8, what is -170 - 7727?
-10117
In base 6, what is -212131321 - -5?
-212131312
In base 10, what is 637 + 19?
656
In base 6, what is 40113302 - 0?
40113302
In base 13, what is -7 + -c26b?
-c275
In base 10, what is 5 + -1530?
-1525
In base 3, what is 1012121 + -220?
1011201
In base 14, what is 10 + 12cd3?
12d03
In base 10, what is 186 + 18?
204
In base 8, what is -3 - 2746375?
-2746400
In base 9, what is 237 - -347?
585
In base 5, what is -33 - -231000?
230412
In base 8, what is 627 + 7?
636
In base 9, what is 1456568 + -1?
1456567
In base 4, what is 11 - -11303203?
11303220
In base 3, what is 122 - 100220101?
-100212202
In base 8, what is -60266 - -5?
-60261
In base 3, what is 120202022 + 20?
120202112
In base 3, what is 20222220110 + 12?
20222220122
In base 11, what is -26 - -1045?
101a
In base 7, what is 104 + -20343?
-20236
In base 11, what is -969 + -a7?
-a65
In base 13, what is -16 - 9cb2?
-9cc8
In base 11, what is -26 - 5430?
-5456
In base 10, what is -2 - -317239?
317237
In base 11, what is -21732 + -5?
-21737
In base 6, what is 3 + -5543041?
-5543034
In base 6, what is -523510 - 0?
-523510
In base 10, what is -7953 - 54?
-8007
In base 3, what is 110111 - -100012000?
100122111
In base 14, what is -29 + -38d28?
-38d53
In base 6, what is 5 + -52321?
-52312
In base 3, what is 10010100020 + -202?
10010022111
In base 5, what is -22 - -13324242?
13324220
In base 13, what is -13 + -6559?
-656c
In base 5, what is -2 + -1042132?
-1042134
In base 14, what is 17 - 13d?
-126
In base 15, what is -1 - 7621?
-7622
In base 3, what is -10212 + -110022?
-121011
In base 9, what is 1811 - -1?
1812
In base 15, what is 1235 - 2d?
1207
In base 5, what is -10 + 10344231?
10344221
In base 16, what is 5d8b - -3c?
5dc7
In base 4, what is -23123132 - -110?
-23123022
In base 9, what is -731 - -3608?
2767
In base 15, what is d - 5806?
-57e8
In base 2, what is -1010 + 1100100011001000?
1100100010111110
In base 14, what is 745 + -c2?
663
In base 7, what is -44 - 245?
-322
In base 9, what is -18 - 356442?
-356461
In base 14, what is -b + -2714?
-2721
In base 11, what is 39 + -5a?
-21
In base 8, what is 231 + -31576?
-31345
In base 10, what is -461265 + -2?
-461267
In base 16, what is -25bcc + 4?
-25bc8
In base 13, what is -4 - 1b4?
-1b8
In base 10, what is -3 - -721542?
721539
In base 16, what is -1fd41 + 5?
-1fd3c
In base 15, what is -7e + -45aa?
-4639
In base 16, what is a - -489a?
48a4
In base 10, what is -99 - 1190?
-1289
In base 12, what is 5 + 39416?
3941b
In base 2, what is 1100011000100001001 + 1000?
1100011000100010001
In base 15, what is 3 + 2656?
2659
In base 2, what is -10 - -101010010010111001?
101010010010110111
In base 3, what is -1112101012021 - -1?
-1112101012020
In base 6, what is 214321 - -13?
214334
In base 13, what is -6195 + -3?
-6198
In base 14, what is 246 - 182?
a4
In base 2, what is -11000000010011 - -10011?
-11000000000000
In base 15, what is 17c + 403?
580
In base 8, what is 1003 - -1362?
2365
In base 2, what is -100 + 111000010111100?
111000010111000
In base 3, what is 10111011112 - -100?
10111011212
In base 10, what is 16 - 966?
-950
In base 11, what is -1367 - -29a?
-1078
In base 3, what is -221120 - -201111?
-20002
In base 13, what is -3 - -1158a?
11587
In base 4, what is -2 - 21101211?
-21101213
In base 11, what is -69533 - -5?
-69529
In base 6, what is -4231 - 113?
-4344
In base 6, what is 5 + 110320?
110325
In base 11, what is -51a7a8 - -3?
-51a7a5
In base 13, what is -11890 - -86?
-11807
In base 6, what is -404040 + 2?
-404034
In base 11, what is 1a6a71 + -5?
1a6a67
In base 14, what is -111 + 184b?
173a
In base 16, what is -3 + 70a1e?
70a1b
In base 11, what is 66 - 454?
-399
In base 15, what is 542 - -7?
549
In base 9, what is -3754 + 26?
-3727
In base 10, what is 1678 + -2?
1676
In base 7, what is 4620 - 61?
4526
In base 11, what is 1 - 51500?
-514aa
In base 2, what is -1 - 10101010100111000000?
-10101010100111000001
In base 4, what is -3 + -2121232?
-2121301
In base 2, what is -100010111010011 + -1?
-100010111010100
In base 2, what is -111010010 - 100110110000?
-101110000010
In base 9, what is 51 + -52256?
-52205
In base 9, what is 35055 + -3?
35052
In base 11, what is -28416 + 0?
-28416
In base 13, what is -742 + -156?
-898
In base 13, what is 1b60 + -10?
1b50
In base 12, what is 9 + -1361a?
-13611
In base 10, what is -14661 - 31?
-14692
In base 14, what is 971 - 18?
957
In base 2, what is -1110000000 + 10100011010?
110011010
In base 9, what is -38 - 1433?
-1472
In base 16, what is -1678 - c?
-1684
In base 16, what is -7acc3 - -4?
-7acbf
In base 13, what is 1 - ba648?
-ba647
In base 10, what is 533 + -4?
529
In base 16, what is -5 - 240a?
-240f
In base 13, what is 88c + -6a?
822
In base 9, what is 184 + 476?
671
In base 2, what is -1011001 - 100000010?
-101011011
In base 13, what is -2633 - 345?
-2978
In base 3, what is 1000 + 12220121020?
12220122020
In base 8, what is -625 - 42?
-667
In base 4, what is -100033111 + 11?
-100033100
In base 13, what is 2127 - -9?
2133
In base 15, what is 66e + -90?
5ce
In base 2, what is -111 + -10011010001?
-10011011000
In base 15, what is -21556a - -5?
-215565
In base 14, what is -65b + -9?
-666
In base 12, what is -3 - -ab82?
ab7b
In base 2, what is -111 + -111000010100100?
-111000010101011
In base 5, what is 30302300 + 1?
30302301
In base 9, what is -143143 + -13?
-143156
In base 16, what is -2 - 2296b?
-2296d
In base 10, what is -5 - -29729?
29724
In base 3, what is 102112202 - 110?
102112022
In base 4, what is -3 + 21201211?
21201202
In base 13, what is 70 - 6c?
1
In base 12, what is 7 - 56439?
-56432
In base 13, what is 20b9a - 4?
20b96
In base 16, what is 11 + b3?
c4
In base 2, what is 1010 - 111001111010011111?
-111001111010010101
In base 3, what is 101101122120 - 1?
101101122112
In base 8, what is -642 + 331?
-311
In base 2, what is -10 - -10101111000011100110?
10101111000011100100
In base 2